 -8 = 4*q - 8*q. What are the prime factors of q?
2
Let m(l) = l**3 - 9*l**2 - 9*l - 4. Let x = -26 - -14. Let n = x + 22. List the prime factors of m(n).
2, 3
Suppose -10 = -4*g + 5*d, 2*g + d + 2 = -0. Let o = 32 + 62. Suppose 5*y - o = 2*w, -3*y - w - 16 + 79 = g. List the prime factors of y.
2, 5
Suppose z = 4 - 2. Let g(f) = -f - z*f**2 - 5*f - 6 - 4*f**2 + f**3 + 1. List the prime factors of g(7).
2
Suppose -3*w - 90 = 5*i - 10*i, 4*w - 20 = 0. What are the prime factors of i?
3, 7
Suppose 2*t + 2 = 4*d, 5*t + 0*d + d - 6 = 0. Let r(m) = m**3 + 10*m**2 + 6*m - 1. Let x be r(-9). What are the prime factors of (t + x/(-10))*-5?
2
Let f = -8 - -1. Let c(d) = d**3 + 7*d**2 + d + 10. Let x be c(f). Suppose -19 + x = -2*v. List the prime factors of v.
2
Let g be -7 - (-2 - -2*2). Let q(n) = -2 - 4*n - n - 4 + 3*n. What are the prime factors of q(g)?
2, 3
Suppose 4*k = -0*k + 12. Suppose -k*g + 10 = 2*g. Suppose 4*p - g*p - 10 = 0. List the prime factors of p.
5
Let d be (710/8)/(-5)*-4. Let j = -18 + d. Suppose 0 = 5*i - 2*s - j, -3*i + 23 = -i + s. What are the prime factors of i?
11
Suppose -2*j + 456 = 132. What are the prime factors of j?
2, 3
Let j = 214 + -96. List the prime factors of j.
2, 59
Let q(r) = r**2 + 21. List the prime factors of q(11).
2, 71
Let f(y) = y**3 + 6*y**2 - 5*y. Let c be f(-7). Let l = c - -21. What are the prime factors of l?
7
Let o be ((-15)/(-25))/((-2)/(-10)). Let r = 5 - o. What are the prime factors of r/8 - 188/(-16)?
2, 3
Suppose 0 = -4*m + 12, -3*p + 2*m - 3*m = -252. What are the prime factors of p?
83
Let u = 220 + -148. What are the prime factors of u?
2, 3
What are the prime factors of 4 - (202/4)/((-1)/2)?
3, 5, 7
Suppose 5*q = -3*y + 86, 3*q - 2*y - 69 = 2*y. Suppose -4*b = -4, 0*j - b - q = -j. List the prime factors of j.
2, 5
Let p(r) = -26*r - 4. Let y be p(-4). Suppose -y = 8*q - 10*q. What are the prime factors of q?
2, 5
Suppose 559 = 4*m - 0*m + 3*t, -3*m - 3*t + 423 = 0. List the prime factors of m.
2, 17
Suppose 2*s = s + 2*b - 6, -s - 3*b + 9 = 0. Suppose 62 = 2*j + 12. Suppose -2*w + z + j - 6 = 0, z + 3 = s. What are the prime factors of w?
2
Let s(c) = -c. Let d(p) = 2*p. Let k(h) = 6*d(h) + 11*s(h). Let w be k(5). List the prime factors of (-2)/((-2)/w)*1.
5
Suppose -c + 138 + 104 = 3*d, -5*d + 422 = -3*c. What are the prime factors of d?
2, 41
Let l(b) = 3*b**2 + 10*b + 4. List the prime factors of l(-8).
2, 29
Suppose 2*s = -s + 123. List the prime factors of s.
41
Suppose r + 5 = 3*r + u, 3*r - 18 = 2*u. Suppose -2*c + i - r = -42, 0 = -c - i + 25. What are the prime factors of c?
3, 7
Let s = -7 + 11. Suppose -2*a + 102 = -0*a. Suppose -g = -2, -2*g = s*n + 11 - a. List the prime factors of n.
3
Let n(o) = 0 + o**3 - 2*o**3 + 4 - 8*o + 9*o**2. Let i(h) = -h**3 + 4*h**2 + h - 4. Let d be i(3). List the prime factors of n(d).
2
List the prime factors of 87/(4 + 33/(-9)).
3, 29
List the prime factors of ((-348)/(-15))/((-4)/(-10)).
2, 29
Let b(y) = -y**2 + 2*y + 4. Let r be b(3). Suppose -11 = -3*j + 2*f, f = -3*j + 16 + r. List the prime factors of j.
5
Suppose -2*k - 4*j = k - 18, -2*j + 2 = -2*k. Let g(a) = -a**3 - 6*a**2 - 2*a - 8. Let t be g(-6). What are the prime factors of (5 - t)/(k/6)?
3
Let k(u) = 7*u - 16. List the prime factors of k(8).
2, 5
Suppose 0 = -d - r + 144, -d + 4*d + 4*r = 437. List the prime factors of d.
139
Suppose -q + 201 = -92. List the prime factors of q.
293
Let y = -9 - -1. Let h(v) = -2*v - 7. List the prime factors of h(y).
3
Let w(n) = -18*n + 3. Let u(a) = -9*a + 1. Let t(f) = 5*u(f) - 2*w(f). Let o be t(-1). Suppose 5*m + o = 23. List the prime factors of m.
3
Let l(t) = -t**3 - 10*t**2 + 12*t + 13. Let k be l(-11). Suppose -10 + k = 2*z, 2*o = -z. List the prime factors of o.
2
Suppose 6*j = 2*j - 28. Let r = j - -15. Suppose -r - 4 = -4*q. What are the prime factors of q?
3
Let v = 9 - 6. Let h(z) = -z + 0*z**v + 2*z**2 + z**3 + z**3. What are the prime factors of h(1)?
3
Suppose -5*u + 222 = -128. List the prime factors of u.
2, 5, 7
Suppose -4*l = -3*l - 5. Let o(c) = c**3 - 6*c**2 + 5*c + 5. What are the prime factors of o(l)?
5
Suppose 8 = 5*x - 2. List the prime factors of (7/x - 1)*2.
5
Let j = 5 + -1. Let i be 9/(-6) - (-6)/j. Suppose -l = -5, 5*t + i*t - 35 = 3*l. What are the prime factors of t?
2, 5
What are the prime factors of (-274)/(-10) - ((-12)/20 + 0)?
2, 7
Let d(r) = -28*r + 11. What are the prime factors of d(-4)?
3, 41
Let r(a) be the second derivative of -a**5/20 + a**4/4 + a**3/2 - a**2/2 - 4*a. What are the prime factors of r(2)?
3
Let i(c) = -2*c + 5. Let o be i(4). Let u = -15 - -11. What are the prime factors of (6/u)/(o/6)?
3
Suppose 3*f = 7*f - 96. Suppose 3*b + 14 = -10. Let o = b + f. What are the prime factors of o?
2
Suppose -4*q = g - 179, -2*q - 5*g = 5 - 90. What are the prime factors of q?
3, 5
Suppose m + 2*g = -0*m + 77, 3*g - 6 = 0. What are the prime factors of m?
73
Let f(s) = -s**2 + 22*s - 5. List the prime factors of f(9).
2, 7
Suppose t = 5*t - 116. List the prime factors of t.
29
Suppose 0 = 6*k - k - 70. Suppose -k + 94 = 5*x. What are the prime factors of x?
2
List the prime factors of 2 - (3 + 64/(-2)).
31
Let n be 25/5*26/10. Let y = 23 + n. List the prime factors of y.
2, 3
Let h be (-8)/28 + (-86)/(-7). Let d = 21 - h. Let g = 19 - d. List the prime factors of g.
2, 5
Suppose 2*a = 8 - 4. Suppose 0 = -3*h + a*u + 120 - 31, 3*h + 5*u - 124 = 0. List the prime factors of h.
3, 11
What are the prime factors of -5*3/(-15)*67?
67
Suppose -267 = 51*u - 54*u. What are the prime factors of u?
89
Let f be (-2)/(0 - 2) - -1. Suppose f*i + u = 21, 3*u = 3*i + u - 14. What are the prime factors of i?
2
Let y(l) = l + 6. Let f be y(-6). List the prime factors of (-37 + (0 - f))*-1.
37
Let y(i) = -i**2 - 29*i - 29. What are the prime factors of y(-20)?
151
Let g be (-2)/(-4) - (-7)/2. Suppose -g*v = 4*x - 24, 5*v - 4 = 4*v + x. Suppose -4*z - 7*r = -3*r - 20, v*r - 10 = 0. What are the prime factors of z?
3
Suppose -h + 1 = -9. Let r(d) = d**2 - 8*d - 7. What are the prime factors of r(h)?
13
Suppose 0 = 3*z - 2*z - 33. List the prime factors of z.
3, 11
Suppose -53 + 8 = -5*d. Let q = d - 4. List the prime factors of q.
5
What are the prime factors of (6/12)/((-2)/(-36))?
3
Suppose -4*x = -2*n - 18, -x + n + 3 = -3. Suppose 0*v + b = v - x, v - 1 = -b. List the prime factors of 1*(13 - (v - 1)).
2, 3
Let r(a) = 2*a**2 - 4. Let o be r(3). Suppose -o = -5*l + 16. What are the prime factors of 6*(0 - (-2)/l)?
2
Let x(j) = j**2 - 9*j + 2. Let f be x(9). Suppose -96 = f*m - 6*m. What are the prime factors of m?
2, 3
Let g be (-1)/2*1*-4. Suppose g*c + 10 = 0, 0 = -4*x - 2*c - 12 + 66. What are the prime factors of x?
2
Let l(i) = -i**3 + 3*i + 2. Let q be l(-2). Let b(s) = s + 15. Let m be b(-8). Suppose -q*g + 1 = -m. What are the prime factors of g?
2
Suppose 73 + 113 = 3*m. Suppose -2*s = -5*j - m, 5*j + 125 = -3*s + 8*s. List the prime factors of s.
3, 7
Suppose 3*k = -0*k + 33. List the prime factors of k.
11
List the prime factors of ((-1)/2)/(2/(-12)).
3
What are the prime factors of ((-760)/(-14))/((-2)/(-14))?
2, 5, 19
Let k be 1015/77 - (-2)/(-11). Let a(c) = c**2 - 3*c. Let l be a(5). Let m = k - l. List the prime factors of m.
3
Let x(f) = -f**3 - 4*f**2 + 4*f + 7. Suppose 0 = -3*a + 3, 4*h + 15 = 4*a - 9*a. List the prime factors of x(h).
2, 3
Let q = -25 - -29. Suppose -s - 2*b + q = -29, 0 = 3*b - 3. What are the prime factors of s?
31
Suppose -4*s + 0*s + 40 = 0. Let y = -5 + s. Suppose -4*f + 2*b + 0*b = -30, -y*f = -2*b - 37. List the prime factors of f.
7
Let b(l) = -6*l + 7. Let h be b(-8). Suppose -5*o + h = -f - f, 11 = 2*o - 3*f. What are the prime factors of o?
13
Let h = 6 + -3. Suppose 0 = -5*o - 3*v + 10, -o - 5*v + 10 = 4*o. Suppose 0 = -3*r - o*n + 17, -n + 7 = h*r + 3*n. What are the prime factors of r?
3
Suppose -3*x + 28 + 38 = 0. What are the prime factors of x?
2, 11
Let w(b) = -b**2. Let z(y) = -4*y**2 + y + 9. Let t(u) = -5*w(u) + z(u). Let v be t(0). Suppose -k + v = -3. List the prime factors of k.
2, 3
Let y(m) = m**3 + m**2 - 6*m + 3. List the prime factors of y(5).
3, 41
Let b = 3 + 12. What are the prime factors of b?
3, 5
Let d = 6 + 0. Suppose -d*k + k = -90. Wh